ghest common factor of 742 and 238.
14
Calculate the highest common factor of 97 and 4559.
97
What is the greatest common divisor of 18 and 22716?
18
What is the greatest common divisor of 13122 and 108?
54
What is the greatest common factor of 273 and 42?
21
Calculate the greatest common factor of 462 and 33.
33
What is the greatest common factor of 693 and 77?
77
Calculate the highest common factor of 9 and 12.
3
What is the greatest common factor of 11 and 671?
11
What is the greatest common factor of 13319 and 76?
19
Calculate the greatest common divisor of 700 and 50.
50
Calculate the highest common divisor of 2349 and 348.
87
What is the greatest common divisor of 1080 and 6?
6
What is the greatest common factor of 9 and 23967?
9
What is the highest common factor of 8600 and 800?
200
Calculate the highest common divisor of 8178 and 58.
58
Calculate the highest common divisor of 6 and 6.
6
Calculate the highest common factor of 16 and 592.
16
What is the greatest common factor of 1 and 5797?
1
Calculate the greatest common factor of 145 and 551.
29
What is the greatest common factor of 476 and 28?
28
What is the highest common factor of 18226 and 26?
26
Calculate the highest common divisor of 171 and 9.
9
Calculate the highest common divisor of 52 and 143.
13
Calculate the greatest common factor of 96 and 6.
6
What is the greatest common divisor of 249 and 32619?
249
What is the highest common divisor of 168 and 24?
24
What is the highest common divisor of 1604 and 28?
4
What is the highest common factor of 1222 and 282?
94
What is the greatest common factor of 105 and 555?
15
What is the greatest common divisor of 15 and 12?
3
Calculate the greatest common divisor of 16 and 16.
16
Calculate the greatest common factor of 12 and 32.
4
Calculate the highest common factor of 83 and 8383.
83
What is the highest common divisor of 517 and 264?
11
What is the highest common factor of 120 and 1410?
30
What is the highest common factor of 35 and 11095?
35
Calculate the highest common divisor of 407 and 148.
37
What is the greatest common factor of 265 and 10?
5
Calculate the highest common divisor of 370 and 30.
10
Calculate the greatest common divisor of 243 and 189.
27
What is the highest common divisor of 26381 and 37?
37
What is the highest common factor of 69 and 1?
1
What is the greatest common divisor of 232 and 319?
29
Calculate the highest common factor of 30 and 174.
6
What is the greatest common divisor of 30 and 12?
6
Calculate the highest common factor of 253 and 7843.
253
Calculate the highest common factor of 27 and 9.
9
What is the greatest common factor of 410 and 10?
10
Calculate the highest common factor of 27 and 3987.
9
What is the highest common factor of 16 and 24?
8
What is the greatest common factor of 30 and 1410?
30
Calculate the greatest common divisor of 117 and 13.
13
Calculate the highest common factor of 1261 and 91.
13
What is the greatest common divisor of 270 and 1179?
9
Calculate the greatest common divisor of 20 and 8.
4
Calculate the highest common divisor of 47937 and 57.
57
Calculate the highest common divisor of 46 and 18.
2
What is the greatest common divisor of 6 and 6?
6
What is the greatest common factor of 300 and 192?
12
Calculate the greatest common divisor of 9 and 5991.
3
Calculate the highest common factor of 16999 and 191.
191
What is the greatest common factor of 7777 and 77?
77
What is the highest common factor of 52 and 1027?
13
What is the greatest common factor of 6 and 7386?
6
What is the highest common divisor of 26 and 2561?
13
Calculate the highest common factor of 35 and 2735.
5
Calculate the greatest common factor of 24 and 328.
8
Calculate the highest common divisor of 2 and 94.
2
What is the greatest common divisor of 192 and 112?
16
Calculate the greatest common factor of 99 and 836.
11
What is the highest common factor of 306 and 4743?
153
Calculate the highest common divisor of 10 and 3130.
10
What is the highest common divisor of 1866 and 18?
6
What is the highest common divisor of 784 and 245?
49
What is the highest common factor of 9774 and 3?
3
Calculate the highest common factor of 115 and 1035.
115
What is the greatest common divisor of 484 and 8?
4
What is the highest common factor of 531 and 9?
9
What is the highest common factor of 550 and 330?
110
Calculate the greatest common divisor of 468 and 576.
36
What is the greatest common factor of 95 and 133?
19
What is the greatest common divisor of 632 and 395?
79
What is the greatest common divisor of 462 and 63?
21
What is the greatest common divisor of 2 and 194?
2
What is the greatest common divisor of 1073 and 87?
29
What is the greatest common divisor of 108 and 540?
108
What is the highest common divisor of 18372 and 12?
12
What is the highest common divisor of 8 and 4172?
4
What is the greatest common divisor of 1170 and 60?
30
Calculate the highest common divisor of 496 and 16.
16
Calculate the greatest common factor of 924 and 4092.
132
Calculate the greatest common divisor of 38 and 38.
38
Calculate the greatest common factor of 576 and 18.
18
What is the highest common factor of 96 and 744?
24
Calculate the greatest common factor of 12 and 12684.
12
Calculate the greatest common divisor of 585 and 90.
45
Calculate the greatest common divisor of 3204 and 36.
36
Calculate the highest common factor of 48 and 7248.
48
What is the greatest common divisor of 320 and 1520?
80
What is the highest common factor of 17 and 1122?
17
What is the highest common divisor of 26 and 130?
26
What is the greatest common factor of 5 and 2745?
5
What is the highest common divisor of 30 and 230?
10
Calculate the highest common factor of 791 and 113.
113
What is the greatest common factor of 1939 and 7?
7
Calculate the greatest common divisor of 2 and 256.
2
Calculate the highest common factor of 248 and 17236.
124
What is the greatest common factor of 143 and 39?
13
What is the highest common factor of 513 and 57?
57
Calculate the greatest common factor of 110 and 88.
22
Calculate the highest common factor of 43 and 774.
43
Calculate the greatest common divisor of 540 and 765.
45
Calculate the greatest common divisor of 2900 and 100.
100
What is the highest common divisor of 153 and 17085?
51
What is the highest common factor of 784 and 16?
16
Calculate the highest common divisor of 27 and 2781.
27
What is the greatest common divisor of 238 and 21?
7
What is the highest common factor of 6963 and 198?
33
Calculate the greatest common factor of 30 and 330.
30
Calculate the highest common divisor of 2382 and 1.
1
What is the greatest common factor of 7088 and 112?
16
What is the highest common divisor of 1122 and 132?
66
Calculate the highest common factor of 785 and 5.
5
What is the greatest common divisor of 148 and 3996?
148
Calculate the greatest common divisor of 1331 and 22.
11
Calculate the highest common factor of 4354 and 14.
14
Calculate the greatest common divisor of 38 and 11229.
19
What is the highest common factor of 5830 and 550?
110
Calculate the greatest common divisor of 2 and 486.
2
Calculate the greatest common divisor of 23 and 575.
23
What is the greatest common factor of 111 and 3811?
37
What is the greatest common factor of 228 and 1254?
114
What is the greatest common factor of 92 and 23552?
92
Calculate the greatest common factor of 5046 and 522.
174
Calculate the greatest common divisor of 52 and 91.
13
What is the greatest common divisor of 120 and 11220?
60
Calculate the highest common factor of 34 and 2.
2
Calculate the highest common divisor of 3852 and 792.
36
What is the greatest common factor of 98 and 798?
14
What is the highest common divisor of 3668 and 6026?
262
What is the greatest common divisor of 18 and 576?
18
Calculate the highest common factor of 102 and 11832.
102
What is the greatest common factor of 460 and 40?
20
Calculate the highest common divisor of 5536 and 1903.
173
Calculate the highest common divisor of 48 and 168.
24
What is the greatest common divisor of 1566 and 648?
54
What is the greatest common divisor of 58 and 6206?
58
Calculate the greatest common divisor of 170 and 595.
85
Calculate the greatest common divisor of 2 and 210.
2
Calculate the greatest common divisor of 7 a